e s(3).
2
Let h(f) = -f**2. Let z(q) = 6*q**2 + 6*q - 7. Let t(w) = 5*h(w) + z(w). Suppose -2*j = -7*j. Suppose 35 = -4*k + m + 12, j = k + 4*m + 10. Give t(k).
-7
Let r(d) be the first derivative of 0*d + 1/2*d**2 - 101. Calculate r(-3).
-3
Suppose -16 = 5*l - 6*l. Let m = l - 7. Let p(w) = -m*w**2 - 1 + 0 - 23*w + 21*w. Give p(-1).
-8
Suppose -w - 1 = -9. Let i(f) = -696*f**2 + 21*f + 13. Let a(z) = -253*z**2 + 7*z + 4. Let c(n) = 11*a(n) - 4*i(n). Determine c(w).
0
Let q(h) = -9*h**2 - 27*h + 28. Let o(s) = -4*s**2 - 13*s + 14. Let j(g) = 7*o(g) - 3*q(g). Let z be 6/(-12)*(-2 + 6) - (-1935)/(-215). What is j(z)?
3
Let c be (-2)/12 - (-1230)/(-180). Let t(j) = -20*j + 32. Calculate t(c).
172
Suppose -3*g - 13 + 24 = -16. Let d(i) be the first derivative of -4*i + g - 1/2*i**2. Determine d(6).
-10
Suppose 2*a - 7 = 4*t - 51, -t - 2*a = 4. Let j(g) = -g**2 + 15*g - 36. Calculate j(t).
20
Let p(f) = f**2 + 19169*f - 9581*f + 28 - 9576*f + 26. Give p(-8).
22
Suppose 7 = 19*c - 20*c - 3*j, 9 = c - j. Let v(l) = 0*l - l**2 - 8*l - l + c + 7. Calculate v(-12).
-24
Let t be ((-12)/10)/(2/(-5)). Let m = 6 + -4. Let u(c) = -27*c**2 - 12*c**m + 4*c + 1 + 37*c**2. Determine u(t).
-5
Let r(y) = 6*y**3 - 2*y**2 + y. Suppose 0 = -5*w + 6*w + 144. Let n be w/(-45) + (1 + -2)/5. Let p be (8/3 + -2)*n/2. What is r(p)?
5
Let n(c) = -c**2 + 12*c + 1. Let g(j) = 3*j**2 + 4*j - 8. Let l be g(2). Let h be n(l). Let r(u) = -u - 9*u + u + 8*u + h. Give r(3).
-2
Let f(p) be the second derivative of p**8/6720 - p**7/1260 - p**6/360 + p**5/30 - 5*p**4/12 + 11*p. Let c(h) be the third derivative of f(h). What is c(3)?
7
Let d(q) = q**3 + q**2 - q + 6. Let o(m) = m**2 + m + 1. Let y(l) = -d(l) + 4*o(l). Suppose -5*v - 300 + 735 = 0. Suppose 75 = -4*z + v. Calculate y(z).
13
Let f(u) = u**2 + 6*u**2 - 6*u**2 + 21 + 7*u. What is f(-3)?
9
Let m = 13 + 57. Let c(t) = 34 + 34 - m + 5*t. Give c(2).
8
Let k(b) = 4*b + 4. Let v(p) = 4*p + 5. Let f be 136/12*6/4. Suppose -f = -5*n + 3. Let t(c) = n*k(c) - 3*v(c). Calculate t(-1).
-3
Suppose 0 = -0*a + a + 4. Let y(o) = -79*o - 1. Let w(q) = -43*q - 1. Suppose 985*x = 984*x - 6. Let p(j) = x*y(j) + 11*w(j). Determine p(a).
-9
Let y(z) be the second derivative of -9*z**5/20 + z**4/12 - z**3/6 + z**2/2 + 92*z. Let d = 30 - 29. Calculate y(d).
-8
Let t(y) = -y**3 - 2*y**2 + y + 4. Let u be t(-2). Suppose -2*p = 5*a + 12 - 31, a = -u*p + 7. Let w(g) = 38 + 37 - p*g - 81. Give w(-4).
2
Suppose 2*r + 7 = r. Suppose z + 5*o = 14, -3*z - o + 2*o = -10. Let a(k) = -z*k + 3*k + 35 - 121 + 78. Give a(r).
-1
Let s(x) = -2*x**2 + 26*x - 36. Let h be ((-2)/(-5))/((-151)/(-3775)). Determine s(h).
24
Let d(w) = 11*w - 41. Let h(i) = 9*i - 34. Let s(v) = 5*d(v) - 6*h(v). Let r = -17 - -23. Give s(r).
5
Let i(d) be the second derivative of -d**5/20 - d**4/6 + d**3/6 - 23*d**2/2 + 6528*d. Calculate i(-4).
5
Let z(q) be the second derivative of q**5/20 - 5*q**4/6 + 11*q**3/6 + 11*q**2/2 - 283*q + 2. Determine z(9).
29
Let d(c) = -7*c - 2. Let k(u) = 19*u + 5. Let l(p) = 11*d(p) + 4*k(p). Let s = 2 + -2. Suppose 0 = -s*m + 2*m - 10. Give l(m).
-7
Let m(v) = -v**3 + 4*v**2 + 4*v + 2. Let g(q) = -3*q**2 + 53*q + 48. Let l be g(18). Suppose -5*w + l = w. What is m(w)?
-3
Let h(m) = -m**2 - 8*m + 1. Suppose 0*b + 11 = -s - 5*b, -2*s = -5*b - 38. Suppose 3*y - s = -0*y. Suppose -5*x = y*v + 11, -3*v - 24 = x - 5. Determine h(v).
8
Let o(z) = -16*z**3 + 3*z**2 - 3. Suppose 40*t + 123 = 83. Give o(t).
16
Let x(n) be the second derivative of n**5/20 + n**4/12 - 2*n**3 + n**2 + 6924*n. Give x(-4).
2
Let k(z) be the third derivative of z**6/120 + 11*z**5/60 + 11*z**4/24 + z**3 + 2*z**2 + 62*z. Suppose -3*c + 8*i = 12*i + 42, 59 = -5*c - 3*i. Give k(c).
-4
Let k(s) = -12*s**3 + 142*s**2 + 17*s - 13. Let w(g) = -g**3 + 14*g**2 + g - 1. Let r(c) = -k(c) + 10*w(c). Give r(2).
-3
Let y(l) = -3*l - 10. Let m be ((27/(-6))/3)/((-9)/12). Suppose 5*w = -k - 5, 3*w = m*k + 5 + 5. Determine y(k).
5
Let g be (62 + -64)/(2/19). Let p(k) = k**3 + 21*k**2 + 40*k + 31. Calculate p(g).
-7
Let q(s) = -3*s**2 + s - 10. Let x(u) = -2*u**2 + u - 8. Let c(h) = -3*q(h) + 4*x(h). Let w be (36/(-27))/(2/(-3)). Give c(w).
4
Suppose -4*a = 7*a - 11. Let o(f) = -f + 17. Let q(z) = z - 5. Let j(k) = a*o(k) + 3*q(k). What is j(-7)?
-12
Let c(a) = a**3 - 3*a**2 - 3. Let b = 9 + -9. Suppose b = 5*d + 4*s + 2, 2*d - 2*s - 5 = -13. Let x be d - (2 - -2 - 10). Determine c(x).
13
Suppose 98 = 6*h - 10. Let s(w) = -h*w**3 - 3*w + 18*w**3 - 11 + 6*w**2 + w**3. Give s(-6).
7
Let o(l) be the first derivative of l**4/4 + l**3/3 - 2*l**2 + 4*l - 2381. Suppose -2*u + 5*v + 31 = 0, -5*v - 40 = -5*u - 0*u. Calculate o(u).
28
Let z(b) = 4316*b - b**3 + 17*b**2 - 9 - 2165*b - 2180*b. Calculate z(15).
6
Let j be 3/(-2*1/(-12)). Let u = j + -10. Let z(x) = -15796*x**3 - 4 + 10*x + 7*x**2 + 31597*x**3 - 15802*x**3. What is z(u)?
12
Suppose 24 + 1 = 5*j. Let q be ((-8)/(-10))/(j - (-69)/(-15)). Let t(c) = -3. Let p(x) = x + 3. Let f(m) = -2*p(m) - 3*t(m). Calculate f(q).
-1
Let f be 101*7*(6 + -3)/21. Suppose 12*b - 7 = f. Suppose -b*r = -10*r + 4. Let t(l) = l**3 - 4*l**2 + 4*l - 3. Calculate t(r).
13
Let f be 32/2 - ((-9 - 9) + 27). Let r(s) = 2*s**2 - 14*s + 20. Give r(f).
20
Let a(u) be the second derivative of -u**6/90 - u**5/120 - u**4 - 5*u**3/6 + 136*u. Let d(g) be the third derivative of a(g). What is d(2)?
-17
Let t be 1*32/(-7) - (-15)/(-35). Let a be t + ((-92)/(-9) - (-2)/(-9)). Let r(x) = 2*x - 4. Determine r(a).
6
Suppose 2*d + 3 = -t, 0*d + 17 = -3*t + 2*d. Let p(b) be the first derivative of b**2/2 - 2*b + 218. What is p(t)?
-7
Let p(m) = -m**2 - 50*m - 90. Let b be p(-48). Let t(d) = -6 + 10 - 2*d + 5 + b. Determine t(11).
-7
Let r(s) = s**2 + 4*s + 3. Let v(t) = t + 1. Suppose -5*k + 4*u = 2 - 15, 2*k - u - 4 = 0. Let f(z) = k*v(z) - r(z). Let d = 1 - 4. Give f(d).
-2
Suppose 0 = -23656616*q + 23656621*q - 20. Let k(i) = 8*i - 2*i - 5 - i**2 + i. Determine k(q).
7
Let y be 5*(32/20)/(-4)*-1. Let g(t) = -t**2 - 6*t - 2*t + 10*t + 3 + y*t**2. What is g(-5)?
18
Let i(s) = -s**2 + 21*s + 45. Let j(z) = z**3 - 2*z**2 + 31*z - 80. Let f be j(3). Give i(f).
23
Let p be (-1 + -1)*1/1. Let v(w) = -21*w + 5. Let b(o) = -7*o + 1. Let n(j) = -7*b(j) + 2*v(j). Calculate n(p).
-11
Let z = -4 + 8. Let r(j) = -7*j + 52*j + 2*j**2 + 4 - 49*j. What is r(z)?
20
Let w be (6 + 3 + -5)*9/18. Let g(t) = -3*t**3 - 2*t**3 + 6*t**3 + 4 + w*t + t**2 - 5*t**2 + 0. Determine g(4).
12
Let v(h) = 2*h - 14. Let t be v(10). Let x(i) be the first derivative of -i**4/4 + 7*i**3/3 - 3*i**2/2 - 8*i + 195. Calculate x(t).
10
Let y(o) = -o**3 + 8*o**2 + 10*o + 9. Let d be (-54)/9*(-4)/6. Suppose -d*b - m + 41 = 0, -3*b + 12 = -m - 2*m. What is y(b)?
18
Let k(d) be the third derivative of -d**4/4 + d**3/3 - 542*d**2. Calculate k(2).
-10
Let g(u) be the second derivative of 2*u**3/3 + 5*u**2/2 - 3*u. Suppose -801 = 5*q + 3*d, 2*q + d - 5*d + 310 = 0. Let o = -164 - q. Calculate g(o).
-15
Let x(r) be the second derivative of -r**3 + 13*r**2/2 - 3239*r. Determine x(2).
1
Let o(v) be the second derivative of -5*v**4/24 + 17*v**3/6 - 136*v**2 + 24*v - 5. Let h(z) be the first derivative of o(z). Determine h(4).
-3
Let p(l) be the second derivative of -l**4/4 + 19*l**3/2 + 3*l**2/2 - 100*l. Let g be p(19). Let i(o) = o - 4. Give i(g).
-1
Let m(u) = 8*u - 183. Let h(q) = 7*q - 185. Let w(g) = -5*h(g) + 6*m(g). Let k be w(13). Let r(z) = z**2 + 2*z - 5. What is r(k)?
3
Suppose 5*k + 14*k = -988. Let i = k - -54. Let x(l) = 5*l**2 - l + 2. Determine x(i).
20
Let n(l) = l**3 + 11*l**2 + 9*l + 9. Let u(b) = 3*b**3 + 24*b**2 + 14*b + 17. Let w(x) = 5*n(x) - 2*u(x). Determine w(9).
2
Let i(b) = -11*b - 5. Let m(y) = -16*y - 5. Let u = -69 + 72. Let c(j) = u*i(j) - 2*m(j). Calculate c(-8).
3
Suppose 0 = 12*w + 23456 - 23432. Let b(t) = -2*t**3 - 2*t**2 - 5*t - 1. Determine b(w).
17
Let r(u) = 7*u - 89. Let s(p) = 20*p - 292. Let w(n) = -16*r(n) + 5*s(n). Calculate w(-4).
12
Let l(z) = -6*z**2 + 35*z + 8. Let v = 5048 - 5042. Determine l(v).
2
Suppose 5*a = 30 - 0. Suppose -a = -k - k. Suppose -o - 1 = o - r, 11 = k*o - 4*r. Let z(u) = u**3 + 4*u**2 + 4*u. What is z(o)?
-3
Let t(x) = x**2 + 2*x + 9. Suppose 51*g = -109*g - 960. Determine t(g